 = -24 + 8. Let n = 22 + d. Suppose 2*o + 236 = n*o. What is the remainder when o is divided by 15?
14
Suppose -d - 4*r = -2*r - 221, 869 = 4*d + 3*r. What is the remainder when d is divided by 31?
29
Suppose h - 19 = -5*f + 15, 2*f = -3*h + 63. Calculate the remainder when h is divided by 5.
4
Calculate the remainder when 121 is divided by ((-4)/8)/((-3)/(-6))*-57.
7
Let t(x) = x**2 + 11*x - 11. Calculate the remainder when 147 is divided by t(-13).
12
Suppose -9*r + 120 = 3*r. What is the remainder when 229 is divided by r?
9
Let c = -372 - -425. Calculate the remainder when c is divided by 8.
5
Calculate the remainder when 54/(-216)*(-164)/1 is divided by 4.
1
Suppose 15 = 2*s - 2*l - 121, -s + 56 = 5*l. What is the remainder when 406 is divided by s?
10
Suppose 3*d = d + 3*f + 133, -4*d + 211 = 5*f. Suppose 3*k = 6*k + 4*l - d, 5*k - 3*l = 108. Calculate the remainder when 59 is divided by k.
17
What is the remainder when (-1)/4 + (-3075)/(-60) is divided by 14?
9
Suppose 5*c - 15 = 0, -3*g - 43*c + 420 = -46*c. Calculate the remainder when g is divided by 50.
43
Suppose 2*j = 3*a + 211, 17*a - 213 = -2*j + 18*a. What is the remainder when j is divided by 4?
3
Let g = -8 - -16. Let f(m) = -m**3 + 5*m**2 + 35*m - 148. What is the remainder when f(6) is divided by g?
2
Let i = 26 + 13. Let k = 79 + -74. Suppose -67 = -k*p - q, 5*p = p - 2*q + 50. What is the remainder when i is divided by p?
11
Let w = 491 + -72. What is the remainder when w is divided by 53?
48
Let k be -4*5 + -2 - -2. Let p be 8/k - 94/(-10). Calculate the remainder when 33 is divided by 2/p + 742/63.
9
Let n(y) be the first derivative of 95*y**4/4 + y**3/3 - y**2/2 + y + 10. What is the remainder when n(1) is divided by 25?
21
Suppose 45*k + 2*v = 44*k + 35, 5*v = 2*k - 34. What is the remainder when 267 is divided by k?
24
Let a = -356 + 572. Let c = a - 177. What is the remainder when 74/1 - 1*-1 is divided by c?
36
Let n be 3 - 0 - (-7)/(-1). Let x(w) = -w**2 - 5*w - 1. Let i = 31 + -18. Calculate the remainder when i is divided by x(n).
1
Suppose 1 = 10*d - 49. What is the remainder when 17 is divided by d?
2
Let l = 29 - 16. Suppose z - 4 = -l. Let y = z - -25. What is the remainder when y is divided by 5?
1
Let y = 152 + -143. Suppose 13*g = y*g + 12. What is the remainder when 6 is divided by g?
0
What is the remainder when 169 is divided by -8 - (-13)/((-130)/(-440))?
25
Suppose -2*a + 0*z + 4*z + 188 = 0, 450 = 5*a - 5*z. Let w = 6798 - 6780. What is the remainder when a is divided by w?
14
Suppose -2*z = z - 4*v - 512, 4*z - v = 674. Suppose -k + 4 = -y - 47, 2*y = -3*k + z. What is the remainder when k is divided by 15?
9
Suppose -102 = 7*s - 13*s. Suppose h = z + 18 - 80, 2*z + 5*h = 152. Calculate the remainder when z is divided by s.
15
Let j(d) = d**2 - 12*d + 15. Let z be j(10). What is the remainder when 152 is divided by 3/15 + (616/z)/(-4)?
28
Let l = 8 + 13. Suppose 4*m + m = 5*f - 235, -2*f = m - 109. Suppose -f + 295 = 3*h. What is the remainder when h is divided by l?
18
Let x = -21 - -1. Let b = -11 - x. What is the remainder when 35 is divided by (-3)/(-3) + b - -2?
11
Let x = -62 - -31. Let t = 40 + x. Calculate the remainder when 24 is divided by t.
6
Suppose -10*v + 248 = -6*v. Calculate the remainder when v is divided by 15 - (-1 + 6*(-3)/(-6)).
10
Suppose 3*c - 8 = u, 0*u - c + 10 = -4*u. What is the remainder when (u + 0)/((-4)/38) is divided by ((-7)/2)/(13/(-26))?
5
Let a = 16 + -13. Suppose 0 = s - 4, 0*s = -a*f + 3*s + 105. Calculate the remainder when f is divided by 20.
19
Suppose 2*b + 9 = -3*a, 6 = 5*b - 2*a - 0. Suppose -3*k - k + 72 = b. What is the remainder when 51 is divided by k?
15
Suppose -3*v + 5*s = -53, -2*v + 2*s = -5 - 25. Calculate the remainder when 977 is divided by v.
9
Let j(r) = r + 25. Calculate the remainder when 135 is divided by j(-2).
20
Let g be (3/(3/(-103)))/(-1). Let n be 2 - (-2)/(-2) - (-59 - -123). Let b = n + g. What is the remainder when b is divided by 7?
5
Suppose -3*t + 8 = -1. Let c be ((-18)/(-9))/(1 + -3). Let j = c + 6. What is the remainder when j is divided by t?
2
Let d(t) = 2*t**2 - 9*t + 16. Calculate the remainder when d(-6) is divided by 29.
26
Calculate the remainder when 104 is divided by 20*10/125*65.
0
Let o(m) = m**3 - 14*m**2 + 20*m - 31. What is the remainder when o(14) is divided by 21?
18
Let u = -2 + 6. Suppose -3*i + 4*i - 4 = 0. Suppose c - 11 = -i*w - 1, 2*c - w = 11. What is the remainder when c is divided by u?
2
Let t = -10 + 22. Let x = -12844 - -12846. Calculate the remainder when t is divided by x.
0
Let h be 224 + -2 - (-3)/1. Let x = -40 + h. Calculate the remainder when x is divided by 47.
44
Let b(y) = -y**3 + 6*y**2 - 3*y + 2. Let x = 6 - 2. Let r = -1 - -13. What is the remainder when b(x) is divided by r?
10
Suppose 0 = -75*m + 29*m + 1196. Calculate the remainder when 91 is divided by m.
13
Let h = 139 + -136. What is the remainder when 82 is divided by h?
1
Calculate the remainder when (377*(-4)/(-8))/((-2)/(-4)) is divided by 54.
53
Suppose -1700 = 2*j - 19*j. Let d = -53 + j. What is the remainder when d is divided by 6?
5
Let q(t) = -t**2 - 3*t + 171. What is the remainder when q(11) is divided by 4?
1
Suppose 0 = 2*n - 4, 4*b - n - n = 64. What is the remainder when 473 is divided by b?
14
Suppose -2*d = 3*k - 44, 4*d = -2*k - 3*k + 72. Let o(w) = 4*w - 50. Calculate the remainder when 26 is divided by o(k).
12
Let n(s) = s**3 + 18*s**2 - 22*s - 21. Let t be n(-19). Suppose 2*j - 3*f = t, -5*j + 68 = -0*f - 2*f. Calculate the remainder when 22 is divided by j.
10
Suppose -3*f = o - 46, -4*o - 3*f - 15 = -244. Calculate the remainder when 303 is divided by o.
59
Let h = -151 - -321. Suppose 0 = 10*n - 27*n + h. Calculate the remainder when n is divided by 2/(-3) + 17/3.
0
Suppose 83 = 4*k - 5*y, 3*k - 14*y = -11*y + 66. Calculate the remainder when 186 is divided by k.
24
Let h be ((-1)/3)/(1/21). Let s(y) = -3*y - 7. Calculate the remainder when s(h) is divided by 4/(-6) + (-6 - 140/(-12)).
4
Suppose 9 = 3*h, 0 = -2*x - 3*x + 3*h + 61. Calculate the remainder when 189 is divided by x.
7
Suppose -5*a - 28 = -4*o, -3*o - 2*a + 20 = -1. Let k = 276 - 245. What is the remainder when k is divided by o?
3
Let c = 388 - 71. What is the remainder when c is divided by 18?
11
Suppose 2*y - 3*s = y, 0 = y + 3*s - 18. Suppose -a = y - 23. Calculate the remainder when 38 is divided by a.
10
Suppose -1150 = -29*t - 106. What is the remainder when 109 is divided by t?
1
Let f = -256 + 360. Suppose f = -3*w + 2*b - 124, -305 = 4*w - 3*b. Let h = w - -133. What is the remainder when h is divided by 15?
14
Let j(w) = 1. Let t(v) = -49*v - 8. Let o(b) = -5*j(b) - t(b). What is the remainder when o(2) is divided by 52?
49
Let n = 34 + -21. Calculate the remainder when 2/((1 - 93/99)/((-184)/(-138))) is divided by n.
5
Suppose -4*x + 53 = -3*b, 4*x - 67 = -x + 3*b. Let d(p) = p**2 - 3*p - 6. Calculate the remainder when (-5)/((-35)/(-2)) + 102/x is divided by d(5).
3
Suppose 0 = -7*v + 12*v. Suppose -5*z - j + 116 = v, -2*j + 112 = -0*z + 5*z. Calculate the remainder when 119 is divided by z.
23
Let w(n) = -n**3 + 11*n**2 + 5*n + 1. Let u be w(11). Suppose 18 = 2*z - 4*i, 2*z - 6*z = -3*i - u. Calculate the remainder when 63 is divided by z.
12
Let x = -61 + 97. Suppose 2*c - 40 = s, 2*s = -4*c - 2*s + 68. Calculate the remainder when x is divided by c.
17
Let z(w) = w**3 - 3*w**2 - 4*w + 1. Let i be z(-3). Suppose 0*u + 2*u - 52 = -r, 3*u - 171 = -3*r. Let v = i + r. What is the remainder when 61 is divided by v?
19
Let j = -409 + 416. What is the remainder when 13 is divided by j?
6
Suppose -f - 180 = -6*f. Let s(j) = 2*j**2 - 273*j + 999. What is the remainder when s(133) is divided by f?
32
Let l(j) = -j**2 + 25*j + 66. Calculate the remainder when 122 is divided by l(25).
56
Let q = 158 + -59. Let t = q + -75. Calculate the remainder when 262 is divided by t.
22
Let b be 20*(-2)/10*4. Let q = -10 - b. Suppose -3*l = -4*o + q*o - 29, -4*o + 34 = -2*l. What is the remainder when 17 is divided by o?
7
Let g = -18 + 13. Let r(f) = -f**3 - 5*f**2 - 2*f + 3. Calculate the remainder when 3 - (-50 + (3 - 1)) is divided by r(g).
12
Let i be (-3)/5 - 93/(-5). Suppose -13*c + i